ppose -4*y - 12*y = 65*y - 4296078. List the prime factors of y.
2, 23, 1153
Let i(h) = 29 + 21*h**3 - 20*h**3 - 86*h**2 + 80*h**2 + 2*h. Suppose -4*f + 4*q - 2*q + 38 = 0, 5*q = 2*f - 31. List the prime factors of i(f).
173
Suppose 62*z - 58*z = -60. What are the prime factors of (-4 - 140/21)*z?
2, 5
Suppose z - 6*z = -3*u - 346, -2*u + 4*z = 228. Let i = 116 + u. Let v(r) = 6*r**2 + r + 6. What are the prime factors of v(i)?
2, 3
Suppose -2 - 2 = -3*z + 2*p, -3*p = -2*z - 4. What are the prime factors of 1635/4 + z/16?
409
Suppose -11*x + 65 = 2*x. Suppose 4*b = x*a - 1658, -b + 830 = 5*a - 843. List the prime factors of a.
2, 167
Suppose -6*y - 60 + 300 = 0. Let i = y - 41. Let u(r) = -89*r - 1. List the prime factors of u(i).
2, 11
Let g = 109 - 88. Suppose 0 = g*o - 19*o - 1362. List the prime factors of o.
3, 227
Let q = -17 + 20. Suppose -5*s = -3*w - s + 468, -3*s = q*w - 489. Suppose 3*z + 2*d - 152 = 0, 0*z - 4*d + w = 3*z. List the prime factors of z.
2, 3
Let j(p) = 15*p**2 - 17*p + 552. What are the prime factors of j(26)?
2, 5, 41
Suppose 4*t - 2*y - 120572 = 0, -4*t - 3*y + 59092 = -61470. List the prime factors of t.
2, 7, 2153
Suppose 5*g = 5*v - 10, -2*v + 2*g = 2*v. List the prime factors of (v/3)/(2/(-441)).
3, 7
Suppose 0 = -34*k - 13731 + 40659. Let t = k - 332. What are the prime factors of t?
2, 5, 23
Let y = 289 - 348. Let l = 152 + y. What are the prime factors of l?
3, 31
Suppose 0 = 5*t + 55 - 70. Suppose 2*u - 284 = t*j + j, -3*u = -5*j - 429. Let p = u + -33. What are the prime factors of p?
5, 23
Suppose -9*z = 10*z - 57. Let u(f) = 36*f**2 - 6*f + 22. What are the prime factors of u(z)?
2, 41
Suppose 0 = -6*o + 5*o + 19. Suppose 4450 = o*x - 32695. List the prime factors of x.
5, 17, 23
List the prime factors of (1960 - 72) + -3*(-2 - 1).
7, 271
Suppose -6*n + n = -2*w + 25, 5*w - 5*n = 85. Let q be (-4)/(-2)*(-3)/6. List the prime factors of (w/q)/((-22)/77).
2, 5, 7
Let o be 2/8*0/(-23) - -5. Suppose o = b - 940. What are the prime factors of b?
3, 5, 7
Suppose -q + r + 5 = -4, 0 = -q - 3*r - 7. Suppose -6*y + q = 5. Suppose -29 = -h - o, y = -5*h + 2*h - 2*o + 83. What are the prime factors of h?
5
Let j(z) = -63*z - 5. Suppose 5*a - 21 = v, -3*a = 2*v - 0*a + 3. What are the prime factors of j(v)?
373
Let l = 76152 - 31919. List the prime factors of l.
7, 71, 89
Let o be 4*(-3)/(-12)*-5. Let q be (24/o)/((-1)/25). Suppose n + q = 3*n. List the prime factors of n.
2, 3, 5
Suppose u = a - 1, a - 8 = -4*u + 8. Let g(x) = -418 + 833 + 8*x - 413. List the prime factors of g(u).
2, 13
Suppose 5*s + 26 = 2*k - 0*s, 0 = 2*s + 4. Suppose -k*g + 15*g - 1456 = 0. Suppose -5*p = -17 - g. What are the prime factors of p?
3, 5
Suppose 3*g = 5*h - 1143, -1136 = -5*h + g - 5*g. List the prime factors of h - 0 - (-3 - -10).
13, 17
Let y(v) = 39*v - 58. Let c be y(2). Suppose 5*b = -c, 5*r - 460 = 4*r - b. List the prime factors of r.
2, 29
Let j(a) = 53*a - 34. Let n(q) = -q**3 + 7*q**2 + 10*q - 13. Let g be n(8). Suppose 0 = -3*f + 5*h + 7, -5*f + 22 = -h + g. What are the prime factors of j(f)?
2, 89
Suppose 3*i = 3 - 0, 3 = -y + 5*i. Suppose 5*c = -p - 2*p - 88, 0 = y*c - 2*p + 48. What are the prime factors of -2 + ((-5508)/(-20) - (-8)/c)?
3, 7, 13
Let h(r) = r**3 + 28*r**2 + 48*r + 48. Let n(i) = -3*i + 54. Let a be n(-8). Let b be (12/(-18))/(2/a). What are the prime factors of h(b)?
2, 19
Suppose 5*v = -o + 5*o - 35, -o - v = -2. Suppose 0 = -z - z - 2*j + 468, -4*z + o*j = -945. What are the prime factors of z?
5, 47
Let k be 1 + ((-7)/(-14))/((-1)/(-6)). What are the prime factors of (-4)/((-16)/k) + 0 + 274?
5, 11
Let m(l) = -l + 11. Let a be m(9). Let i be 9*4/24*a. Suppose -2*z + 6*z = 5*k - 228, 5*z + 129 = i*k. List the prime factors of k.
2, 3
Suppose -73*d + 96485 = -432984. List the prime factors of d.
7253
Suppose -1637 = -5*v + 3*v + 5*s, 0 = -5*v - 5*s + 4075. Suppose 2*r + o = 455, 2*r + 5*o - v = -341. What are the prime factors of r?
3, 5
Suppose -4*s + s + f = -443, -f = -2*s + 294. Let t = s + -105. Let w = t + 149. List the prime factors of w.
193
Suppose -5*u + 33 = 13. Suppose 7*r = -4*b + 2*r - u, 3*b = 3*r + 24. Suppose 122 = b*f - 210. List the prime factors of f.
83
Let p(b) = b**3 + 16*b**2 + 33*b - 1. Let s be p(-12). Suppose -3*q - 40 = -2*x + 33, -4*x - 5*q + s = 0. What are the prime factors of x?
41
Let g(t) = 15*t + 28. Let z(w) = -4*w + 6 + 4*w + w. Let l be z(3). What are the prime factors of g(l)?
163
Suppose 2048 = -27*l + 28*l. Suppose 0 = 7*f - 1088 - l. What are the prime factors of f?
2, 7
Let m(a) = -a + 4. Let d be m(-2). Suppose d*p + 12*p = 5*p. Suppose 4*o - 11*o + 483 = p. List the prime factors of o.
3, 23
Suppose 4*p + 5*o = 21, 3*o + 9 = -p + 4*p. Suppose -402 = 3*i + 2*k, -2*i = -i + p*k + 134. Let f = -101 - i. List the prime factors of f.
3, 11
Suppose -3*o = -828 + 57. Let q(i) = 4*i - 135. Let j be q(0). Let k = j + o. List the prime factors of k.
2, 61
Let i(q) = 4*q**2 + 2*q - 2. Let o be i(4). Let h = 55 - o. Let a = h + 66. What are the prime factors of a?
3, 17
Let o = -208 + 295. Let k = o + -46. What are the prime factors of k?
41
Let i be (-3122)/(-182) - (-4)/(-26). Suppose 8*h + 9*h = -i. What are the prime factors of (4/h + -43)*-1?
47
Let b = -59 - -62. Let s be (-16)/24 - 1/b. What are the prime factors of (-6)/(s/((-88)/(-12)))?
2, 11
Suppose 2*v = 6 - 36. Let d be v/20 + 2/(-8)*69. Let m(a) = -3*a - 41. What are the prime factors of m(d)?
13
Suppose 2*d - 4 + 22 = 4*n, -45 = 5*d + 4*n. Let g be 60/d + 8/12. Let z = 11 + g. What are the prime factors of z?
5
Let q be 1106/(-35) + (3/5 - 1). Let h = q + 165. Suppose 18 = -2*v + 3*m + h, 3*v = m + 155. List the prime factors of v.
2, 5
Let q = 4319 - 1564. What are the prime factors of q?
5, 19, 29
Suppose 3436*r - 3447*r = -82624 + 7824. What are the prime factors of r?
2, 5, 17
Suppose -25*v = 8814 + 5111. Let f = 863 + v. What are the prime factors of f?
2, 3, 17
What are the prime factors of 3/9 + 294580/33?
79, 113
Let p(s) = 27*s**2 + 47*s - 57. List the prime factors of p(-15).
3, 7, 11, 23
Suppose 3*c + 18 = 0, 16837 + 13734 = x + 2*c. List the prime factors of x.
7, 17, 257
Suppose 0 = m - 2*o - 11411, 200*o = 5*m + 199*o - 56983. What are the prime factors of m?
5, 43, 53
Let w(a) be the first derivative of a**4/4 + 23*a**3/3 + 5*a**2/2 - 37*a - 40. List the prime factors of w(-22).
337
Suppose i - 10645 - 2513 = -t, 4*t = 3*i - 39488. Suppose 0 = -16*x - 104 + i. What are the prime factors of x?
2, 3, 17
Let z = -54290 - -95481. What are the prime factors of z?
17, 2423
Let t(y) = 69*y**2 - 19*y + 103. Let w be t(10). Suppose 3*n + 4*g = 5116, 4*g = 4*n + g - w. What are the prime factors of n?
2, 3, 71
Let d be ((-3)/(-27) - 2284/(-18)) + -1. Let s(z) = z**2 - 7. Let o be s(-5). What are the prime factors of ((-1)/((-8)/d))/(o/48)?
2, 3, 7
Suppose 0 = 8*m - 11124 - 65380. List the prime factors of m.
73, 131
Suppose 5*d - 6*a + 10*a = 5148, -a = 4*d - 4125. Suppose 5*t - 2*u - d = 0, -5*u + 564 + 49 = 3*t. What are the prime factors of t?
2, 103
Let w = -12 - -12. Suppose -3*n + 2597 = -w*h + 4*h, h - 650 = -n. What are the prime factors of h?
647
What are the prime factors of (-3 - (2 + 110/(-33)))*-14430?
2, 5, 13, 37
Let h(w) = -w**3 + 24*w**2 - 21*w - 25. Let r be h(23). Suppose r*n - 15 = 18*n. Suppose -n*b + 356 = -b. What are the prime factors of b?
89
Let p(w) = 551*w**2 + 3*w - 2. Let k be p(1). Suppose 0 = -9*t - 3*t + k. What are the prime factors of t?
2, 23
Suppose 3*z = -3*j + 2262, -13*z = j - 8*z - 766. Let m = j + 451. List the prime factors of m.
2, 601
Suppose -78*a = -69*a + 7938. What are the prime factors of (a/4)/((-63)/84)?
2, 3, 7
Let k(y) = -64*y**2 - 2*y - 8. Let t be k(-2). List the prime factors of (-1 - t) + 162/27.
5, 53
Suppose 0 = -48*c + 59*c - 56430. List the prime factors of c.
2, 3, 5, 19
Let h be 3 + (16/4 - 5). Suppose -h*v - 2 = -v + 3*l, 5*l = 2*v - 7. Suppose -2*m + 25 + v = 0. What are the prime factors of m?
13
Let g(v) = -v**2 + 10*v + 3. Let w be 4*1 - 1 - 21/(-3). Let r be g(w). Suppose 2*k - 113 = 3*s, -r*k + 3*s = -0*k - 168. What are the prime factors of k?
5, 11
Let i(k) be the third derivative of -k**5/60 - 9*k**4/8 - 35*k**3/6 - 17*